he remainder when c(u) is divided by 22?
12
Let k = -10 - -11. Let x be 4 - (0 - 1)*k. Suppose 6*g - x*g = 15. Calculate the remainder when g is divided by 8.
7
Let f(x) = -8*x - 3. Let o be (-15)/(-6)*-2*1. Suppose -3*y - 64 = -3*z - z, z = 5*y + 33. What is the remainder when f(o) is divided by z?
11
Let k = -819 + 859. What is the remainder when k is divided by 14?
12
Suppose 0 = 23*n - 6*n - 41582. What is the remainder when n is divided by 34?
32
Let s(w) = 2*w**2 - w + 1. Suppose 4*f = f - 36. Let a = 16 + f. Calculate the remainder when s(2) is divided by a.
3
Let r(p) = -p**2 + 5*p - 3. Let v be r(5). Let s be ((-6)/10)/(v/(-45)). Calculate the remainder when 53 is divided by (-768)/(-54) - (-2)/s.
11
Let f = -177 + 197. Calculate the remainder when 256 is divided by f.
16
Let x = -5 + 8. Suppose -3*o - x = -9. Suppose -o*r + 7*r - 310 = 0. What is the remainder when r is divided by 16?
14
Let w = 2 + 19. What is the remainder when (511/w)/(15/(-9) - -2) is divided by 19?
16
Let d = 67 - 46. Let q = 28 + -29. Calculate the remainder when 0/5 - (-57)/1 - q is divided by d.
16
Let l = 5 + -4. Calculate the remainder when (235/30 - 9)/((-2)/12) is divided by l.
0
Calculate the remainder when 12 is divided by 12/10*105/14.
3
Let u(j) = j**3 + 6*j**2 - 12*j - 15. Calculate the remainder when 557 is divided by u(-7).
17
Let f = 510 - 456. Let z(b) = b**2 - 7*b + 9. Let n be z(6). Suppose 3 = n*r - 39. What is the remainder when f is divided by r?
12
Calculate the remainder when 8 - (-143 - (11 - 15)) is divided by 75.
72
Let g = 320 - 21. Calculate the remainder when g is divided by (-93)/(-155) - 494/(-10).
49
Suppose -14*i - 3*i + 1326 = 0. Let c(j) = 7*j - 46. What is the remainder when i is divided by c(8)?
8
Suppose -4*c - k = -430, c - 609*k - 136 = -614*k. What is the remainder when c is divided by 29 + (3 - 1)*-1?
25
Let w(g) = -g**3 + 15*g**2 - 19*g - 34. Calculate the remainder when w(12) is divided by 58.
54
Suppose 5*c - 2*x - 91 = 0, -5*c - 14*x + 19*x = -85. What is the remainder when 30 is divided by c?
11
What is the remainder when 5 - (5 - (-265)/(-5)) is divided by 11?
9
Let x = -89 + 91. Let k = 4 - 2. Calculate the remainder when k is divided by x.
0
Let n be 150/(-22) - 16/88. Let o = 32 - n. Calculate the remainder when o is divided by 4/(-14) - 500/(-35).
11
Let r be -2*((-6)/5)/(16/(-340)). Let n = r - -58. What is the remainder when 26 is divided by n?
5
Suppose 3*b - 378 = -3*c, c + 2*b = 107 + 20. Calculate the remainder when c is divided by 28.
13
Let o = 3 + -9. Let z(u) = -4*u. Let d be z(o). What is the remainder when ((-28)/(-6))/(d/252) is divided by 17?
15
Suppose 102 = 4*j - 162. Let s(t) = 2*t**2 - 5*t - 1. Calculate the remainder when j is divided by s(5).
18
Suppose 0 = 2*j - j + 5*i - 22, 0 = 2*j - 3*i + 21. Let k be (3 - 0)/(j/(-2)). Suppose -l + 1 = -k. Calculate the remainder when 8 is divided by l.
2
Let c(h) = h**3 - 5*h**2 - 8*h. Let q be 4/(-12)*23*-3. Suppose -q*f + 17*f = -66. Calculate the remainder when c(7) is divided by f.
9
Let n(x) = 2*x**2 - 7*x - 17. Let t be n(8). What is the remainder when 44 is divided by (2 - 134/(-10)) + 33/t?
12
Let r(w) = 12*w - 14. What is the remainder when 42 is divided by r(3)?
20
Suppose 14*r - 387 = 11*r. Calculate the remainder when (r - -1) + 4/1 is divided by 15.
14
Let m be 5/(-20) - (-2)/8. Suppose -2*c = -3*j - m*j, 3*c - 2 = 4*j. Calculate the remainder when 8 is divided by c.
2
Let b(u) = -4*u**3 + u. Let n be b(1). Let o(q) be the first derivative of -q**3/3 - 7*q**2/2 + q - 19. What is the remainder when 50 is divided by o(n)?
11
Let b(o) = -o**3 - 18*o**2 + 63*o + 30. What is the remainder when 868 is divided by b(-21)?
28
Let r be (2 + (-44)/8)*-2. Suppose r*b - 16 = 5*b. What is the remainder when 18 is divided by b?
2
Let t be 10/(-3*(-2)/57). Suppose -g = -6*g + t. Suppose 21 = 5*f - g. Calculate the remainder when 14 is divided by f.
6
Suppose -3*l + 5 = -1. Suppose -5*s + 3*v + 75 = -l*v, -84 = -4*s - 2*v. Calculate the remainder when (33 - -2) + (-2)/(-2) is divided by s.
17
Let m = 149 - 93. Suppose 0 = -6*i + m + 40. Calculate the remainder when i is divided by 3.
1
Let a(m) = m**3 - 25*m**2 + 26*m - 29. What is the remainder when 170 is divided by a(24)?
18
Let r = 82 + 17. Calculate the remainder when r is divided by 51.
48
Let n = -257 - -310. What is the remainder when n is divided by 51?
2
Let l(p) = -8*p - 21. Calculate the remainder when 145 is divided by l(-6).
10
Suppose 3*c - 5*h = -c + 632, 0 = -4*c - 2*h + 604. Calculate the remainder when c is divided by 7.
6
Let k(c) = 13*c**2 + 16*c - 13. What is the remainder when 212 is divided by k(-3)?
44
Suppose 2*n = c + 27, -3*c = -c - 3*n + 55. Let l = 38 + c. What is the remainder when 42 is divided by (-6)/(l/((-54)/4))?
6
Let y = -25 - -61. What is the remainder when y is divided by (-321)/(-17) - (-84)/714?
17
Let t = 288 + -234. What is the remainder when 268 is divided by t?
52
Suppose 3*u = y - 153, -4*y + 317 = -4*u - 271. Suppose 5*b = f - 65, -4*f + 2*b = -y - 44. What is the remainder when f is divided by 4/16 + 364/16?
22
Calculate the remainder when 1077 is divided by (-36)/((-5)/5) + -2 + 2.
33
Let o be (13 - 4)/(3/(-2)). Let f = 9 - o. Calculate the remainder when 27 is divided by f.
12
Suppose -8*q + 1 = 1. Suppose 5*t - 9*t + 108 = q. Calculate the remainder when t is divided by 6.
3
Suppose -2*x = 5*g + 11, -71*x + g - 30 = -76*x. What is the remainder when 44 is divided by x?
2
Calculate the remainder when ((-3)/6)/((-15)/690) is divided by 12.
11
Let b = 1471 + -1467. Calculate the remainder when 181 is divided by b.
1
Calculate the remainder when 37 + 9/(-36)*-36 is divided by 10.
6
Suppose 0 = 3*d + 67 + 17. What is the remainder when -1 + (-21)/d + (-434)/(-8) is divided by 8?
6
Let v(i) = -2*i + 15. Let d be v(9). What is the remainder when d/9*-123 - 4 is divided by 20?
17
Let p = 8 + -18. Let r = p - -21. What is the remainder when r is divided by 3?
2
Let p be 0/10*(-2)/(-4). Suppose p = -o + 6*o - 100. Calculate the remainder when o is divided by 7.
6
Suppose 5*l = -6*k + 3*k + 494, 4*l = -k + 391. Suppose 0 = -4*w + y + 109, -y = 4*w - 6*y - l. What is the remainder when 108 is divided by w?
24
Suppose 2*w = -0*w - 4. Let u be -1 + w/1 - -5. What is the remainder when 25 is divided by u/(-4)*(-1 + -13)?
4
Let l be 3 + 1 + (-8)/(-8). Suppose 1 - l = -r. Let q = r - 0. Calculate the remainder when 9 is divided by q.
1
Let r be (-18)/(-24) + 230/(-8). What is the remainder when 7/(4 + 108/r) is divided by 25?
24
Suppose 0 = 45*c - 71*c + 1222. What is the remainder when 86 is divided by c?
39
Let a(h) = -26*h - 25. Calculate the remainder when a(-3) is divided by (-6)/(-4)*12 - 0.
17
Let t(a) = 11*a - 4. Let i(z) = -z**2 + 20*z - 27. Let w be i(18). Calculate the remainder when t(w) is divided by 24.
23
Let g = -68 - -28. What is the remainder when 121 is divided by ((-31)/3)/(-3 + g/(-15))?
28
Let t = 276 - 148. Let i = t + -78. What is the remainder when i is divided by 13?
11
Suppose 23*z - 98 = -h + 21*z, 0 = -3*z. What is the remainder when 585 is divided by h?
95
Suppose r + 627 = 4*r. Calculate the remainder when r is divided by (-792)/(-15) - 2/(-10).
50
Let c be 3/(4/((-40)/(-6))). Suppose c*q = 2*x + 99, 1 = -2*x - 3. Let u(v) = -v**2 - 26*v + 5. What is the remainder when u(-22) is divided by q?
17
Let y = -18 + 22. Let r be (y/12)/((-1)/(-15)). Suppose 2*k + 10*c - 150 = 5*c, r*k - 346 = 2*c. What is the remainder when k is divided by 18?
16
Suppose 11*s - 378 = -3*s. Suppose 0 = 4*o - 2*o - 36. Suppose 0 = 3*h - 2*p - o, -5*p = 3*h - 3 - 15. Calculate the remainder when s is divided by h.
3
Suppose 0 = -113*s + 42*s + 1420. What is the remainder when 20 is divided by s?
0
Let d(p) = -p**2 + 4*p - 2. Let k be d(2). Suppose k*n - 3*h = 30, 2*h - 4*h = 3*n - 32. Calculate the remainder when 23 is divided by n.
11
Let s = 44 - 24. Suppose 5*i - 15 = s. Suppose g = -3*r + 6, -3*g - 5*r + 20 = 2*g. Calculate the remainder when i is divided by g.
1
Suppose 51 = 4*k - 197. Calculate the remainder when 1053 is divided by k.
61
Let t(j) = -j**3 + 11*j**2 + 2*j - 14. Let k be t(11). Suppose 4*u + u + 55 = 0. Let b = k - u. What is the remainder when